{"id":139,"date":"2014-10-09T17:52:22","date_gmt":"2014-10-09T15:52:22","guid":{"rendered":"http:\/\/cars.zinno.de\/?page_id=139"},"modified":"2014-10-13T21:56:32","modified_gmt":"2014-10-13T19:56:32","slug":"audi-tt-8n-roadster","status":"publish","type":"page","link":"http:\/\/cars.zinno.de\/?page_id=139","title":{"rendered":"Audi TT 8N Roadster"},"content":{"rendered":"<h2>Im Besitz von 12\/2008 &#8211; 01\/2011<\/h2>\n<hr \/>\n<p>&nbsp;<\/p>\n<div id='gallery-1' class='gallery galleryid-139 gallery-columns-3 gallery-size-thumbnail'><figure class='gallery-item'>\n\t\t\t<div class='gallery-icon landscape'>\n\t\t\t\t<a href='http:\/\/cars.zinno.de\/wp-content\/uploads\/2014\/10\/Foto-02.09.10-13-42-13.png'><img loading=\"lazy\" decoding=\"async\" width=\"150\" height=\"150\" src=\"http:\/\/cars.zinno.de\/wp-content\/uploads\/2014\/10\/Foto-02.09.10-13-42-13-150x150.png\" class=\"attachment-thumbnail size-thumbnail\" alt=\"\" \/><\/a>\n\t\t\t<\/div><\/figure><figure class='gallery-item'>\n\t\t\t<div class='gallery-icon landscape'>\n\t\t\t\t<a href='http:\/\/cars.zinno.de\/wp-content\/uploads\/2014\/10\/Foto-15.07.10-20-05-06.jpg'><img loading=\"lazy\" decoding=\"async\" width=\"150\" height=\"150\" src=\"http:\/\/cars.zinno.de\/wp-content\/uploads\/2014\/10\/Foto-15.07.10-20-05-06-150x150.jpg\" class=\"attachment-thumbnail size-thumbnail\" alt=\"\" \/><\/a>\n\t\t\t<\/div><\/figure><figure class='gallery-item'>\n\t\t\t<div class='gallery-icon landscape'>\n\t\t\t\t<a href='http:\/\/cars.zinno.de\/wp-content\/uploads\/2014\/10\/Foto-15.07.10-20-04-06.jpg'><img loading=\"lazy\" decoding=\"async\" width=\"150\" height=\"150\" src=\"http:\/\/cars.zinno.de\/wp-content\/uploads\/2014\/10\/Foto-15.07.10-20-04-06-150x150.jpg\" class=\"attachment-thumbnail size-thumbnail\" alt=\"\" \/><\/a>\n\t\t\t<\/div><\/figure><figure class='gallery-item'>\n\t\t\t<div class='gallery-icon landscape'>\n\t\t\t\t<a href='http:\/\/cars.zinno.de\/wp-content\/uploads\/2014\/10\/6_2010_TT8NR_03.jpg'><img loading=\"lazy\" decoding=\"async\" width=\"150\" height=\"150\" src=\"http:\/\/cars.zinno.de\/wp-content\/uploads\/2014\/10\/6_2010_TT8NR_03-150x150.jpg\" class=\"attachment-thumbnail size-thumbnail\" alt=\"\" \/><\/a>\n\t\t\t<\/div><\/figure><figure class='gallery-item'>\n\t\t\t<div class='gallery-icon landscape'>\n\t\t\t\t<a href='http:\/\/cars.zinno.de\/wp-content\/uploads\/2014\/10\/Foto-15.07.10-20-07-04.jpg'><img loading=\"lazy\" decoding=\"async\" width=\"150\" height=\"150\" src=\"http:\/\/cars.zinno.de\/wp-content\/uploads\/2014\/10\/Foto-15.07.10-20-07-04-150x150.jpg\" class=\"attachment-thumbnail size-thumbnail\" alt=\"\" \/><\/a>\n\t\t\t<\/div><\/figure><figure class='gallery-item'>\n\t\t\t<div class='gallery-icon landscape'>\n\t\t\t\t<a href='http:\/\/cars.zinno.de\/wp-content\/uploads\/2014\/10\/6_2010_TT8NR_02.jpg'><img loading=\"lazy\" decoding=\"async\" width=\"150\" height=\"150\" src=\"http:\/\/cars.zinno.de\/wp-content\/uploads\/2014\/10\/6_2010_TT8NR_02-150x150.jpg\" class=\"attachment-thumbnail size-thumbnail\" alt=\"\" \/><\/a>\n\t\t\t<\/div><\/figure><figure class='gallery-item'>\n\t\t\t<div class='gallery-icon landscape'>\n\t\t\t\t<a href='http:\/\/cars.zinno.de\/wp-content\/uploads\/2014\/10\/Foto-15.07.10-20-06-38.jpg'><img loading=\"lazy\" decoding=\"async\" width=\"150\" height=\"150\" src=\"http:\/\/cars.zinno.de\/wp-content\/uploads\/2014\/10\/Foto-15.07.10-20-06-38-150x150.jpg\" class=\"attachment-thumbnail size-thumbnail\" alt=\"\" \/><\/a>\n\t\t\t<\/div><\/figure><figure class='gallery-item'>\n\t\t\t<div class='gallery-icon landscape'>\n\t\t\t\t<a href='http:\/\/cars.zinno.de\/wp-content\/uploads\/2014\/10\/28502_128237190531478_100000355941615_219081_1726346_n.jpg'><img loading=\"lazy\" decoding=\"async\" width=\"150\" height=\"150\" src=\"http:\/\/cars.zinno.de\/wp-content\/uploads\/2014\/10\/28502_128237190531478_100000355941615_219081_1726346_n-150x150.jpg\" class=\"attachment-thumbnail size-thumbnail\" alt=\"\" \/><\/a>\n\t\t\t<\/div><\/figure><figure class='gallery-item'>\n\t\t\t<div class='gallery-icon landscape'>\n\t\t\t\t<a href='http:\/\/cars.zinno.de\/wp-content\/uploads\/2014\/10\/Foto-02.03.10-18-06-20.jpg'><img loading=\"lazy\" decoding=\"async\" width=\"150\" height=\"150\" src=\"http:\/\/cars.zinno.de\/wp-content\/uploads\/2014\/10\/Foto-02.03.10-18-06-20-150x150.jpg\" class=\"attachment-thumbnail size-thumbnail\" alt=\"\" \/><\/a>\n\t\t\t<\/div><\/figure><figure class='gallery-item'>\n\t\t\t<div class='gallery-icon landscape'>\n\t\t\t\t<a href='http:\/\/cars.zinno.de\/wp-content\/uploads\/2014\/10\/Foto-03.04.10-00-19-28.jpg'><img loading=\"lazy\" decoding=\"async\" width=\"150\" height=\"150\" src=\"http:\/\/cars.zinno.de\/wp-content\/uploads\/2014\/10\/Foto-03.04.10-00-19-28-150x150.jpg\" class=\"attachment-thumbnail size-thumbnail\" alt=\"\" \/><\/a>\n\t\t\t<\/div><\/figure><figure class='gallery-item'>\n\t\t\t<div class='gallery-icon landscape'>\n\t\t\t\t<a href='http:\/\/cars.zinno.de\/wp-content\/uploads\/2014\/10\/Foto-03.04.10-00-19-28-2.jpg'><img loading=\"lazy\" decoding=\"async\" width=\"150\" height=\"150\" src=\"http:\/\/cars.zinno.de\/wp-content\/uploads\/2014\/10\/Foto-03.04.10-00-19-28-2-150x150.jpg\" class=\"attachment-thumbnail size-thumbnail\" alt=\"\" \/><\/a>\n\t\t\t<\/div><\/figure><figure class='gallery-item'>\n\t\t\t<div class='gallery-icon landscape'>\n\t\t\t\t<a href='http:\/\/cars.zinno.de\/wp-content\/uploads\/2014\/10\/Foto-03.04.10-00-19-28-1.jpg'><img loading=\"lazy\" decoding=\"async\" width=\"150\" height=\"150\" src=\"http:\/\/cars.zinno.de\/wp-content\/uploads\/2014\/10\/Foto-03.04.10-00-19-28-1-150x150.jpg\" class=\"attachment-thumbnail size-thumbnail\" alt=\"\" \/><\/a>\n\t\t\t<\/div><\/figure><figure class='gallery-item'>\n\t\t\t<div class='gallery-icon landscape'>\n\t\t\t\t<a href='http:\/\/cars.zinno.de\/wp-content\/uploads\/2014\/10\/6_2010_TT8NR_01.jpg'><img loading=\"lazy\" decoding=\"async\" width=\"150\" height=\"150\" src=\"http:\/\/cars.zinno.de\/wp-content\/uploads\/2014\/10\/6_2010_TT8NR_01-150x150.jpg\" class=\"attachment-thumbnail size-thumbnail\" alt=\"\" \/><\/a>\n\t\t\t<\/div><\/figure><figure class='gallery-item'>\n\t\t\t<div class='gallery-icon landscape'>\n\t\t\t\t<a href='http:\/\/cars.zinno.de\/wp-content\/uploads\/2014\/10\/6_2009_TT8NR_03.jpg'><img loading=\"lazy\" decoding=\"async\" width=\"150\" height=\"150\" src=\"http:\/\/cars.zinno.de\/wp-content\/uploads\/2014\/10\/6_2009_TT8NR_03-150x150.jpg\" class=\"attachment-thumbnail size-thumbnail\" alt=\"\" \/><\/a>\n\t\t\t<\/div><\/figure><figure class='gallery-item'>\n\t\t\t<div class='gallery-icon landscape'>\n\t\t\t\t<a href='http:\/\/cars.zinno.de\/wp-content\/uploads\/2014\/10\/6_2009_TT8NR_02.jpg'><img loading=\"lazy\" decoding=\"async\" width=\"150\" height=\"150\" src=\"http:\/\/cars.zinno.de\/wp-content\/uploads\/2014\/10\/6_2009_TT8NR_02-150x150.jpg\" class=\"attachment-thumbnail size-thumbnail\" alt=\"\" \/><\/a>\n\t\t\t<\/div><\/figure><figure class='gallery-item'>\n\t\t\t<div class='gallery-icon landscape'>\n\t\t\t\t<a href='http:\/\/cars.zinno.de\/wp-content\/uploads\/2014\/10\/6_2009_TT8NR_01.jpg'><img loading=\"lazy\" decoding=\"async\" width=\"150\" height=\"150\" src=\"http:\/\/cars.zinno.de\/wp-content\/uploads\/2014\/10\/6_2009_TT8NR_01-150x150.jpg\" class=\"attachment-thumbnail size-thumbnail\" alt=\"\" \/><\/a>\n\t\t\t<\/div><\/figure><figure class='gallery-item'>\n\t\t\t<div class='gallery-icon landscape'>\n\t\t\t\t<a href='http:\/\/cars.zinno.de\/wp-content\/uploads\/2014\/10\/6_2008_TT8NR.jpg'><img loading=\"lazy\" decoding=\"async\" width=\"150\" height=\"150\" src=\"http:\/\/cars.zinno.de\/wp-content\/uploads\/2014\/10\/6_2008_TT8NR-150x150.jpg\" class=\"attachment-thumbnail size-thumbnail\" alt=\"\" \/><\/a>\n\t\t\t<\/div><\/figure>\n\t\t<\/div>\n\n<p>&nbsp;<\/p>\n<hr \/>\n<p align=\"left\"><span style=\"font-family: Verdana, Arial, Helvetica, sans-serif;\">Typ\/Basis: Audi TT Roadster S-Line <\/span><\/p>\n<p align=\"left\"><span style=\"font-family: Verdana, Arial, Helvetica, sans-serif;\">Baujahr: 2003<\/span><\/p>\n<p align=\"left\"><span style=\"font-family: Verdana, Arial, Helvetica, sans-serif;\">Motor: 1,8<span style=\"color: #ff0000;\">T<\/span> 225 PS Quattro<\/span><\/p>\n<p align=\"left\"><span style=\"font-family: Verdana, Arial, Helvetica, sans-serif;\">Auspuff: Serie<\/span><\/p>\n<p align=\"left\"><span style=\"font-family: Verdana, Arial, Helvetica, sans-serif;\">Fahrwerk: tiefes H&amp;R Gewindefahrwerk von AH Exclusive Parts<\/span><\/p>\n<p align=\"left\"><span style=\"font-family: Verdana, Arial, Helvetica, sans-serif;\">Bremsanlage: Serie<\/span><\/p>\n<p align=\"left\"><span style=\"font-family: Verdana, Arial, Helvetica, sans-serif;\">Karosserie: Umbau auf S-Line Modelljahr 2005 (S-Line Front, S-Line Heckspoiler), S-Line Lochlederlenkrad, schwarze Audi Ringe vorne und hinten, original US S-Line Xenonscheinwerfer, englische R\u00fcckleuchte rechts, US Hecksto\u00dfstange, <\/span><\/p>\n<p align=\"left\"><span style=\"font-family: Verdana, Arial, Helvetica, sans-serif;\">Interieur: Anisgelbe Lederausstattung, Armlehne von Designparts, Sitzheizung,\u00a0 Climatronic, Tempomat, gek\u00fcrzte \u00dcberrollb\u00fcgel<\/span><\/p>\n<p align=\"left\"><span style=\"font-family: Verdana, Arial, Helvetica, sans-serif;\">HiFi: Bose mit 6-fach Wechsler und Ipod Steuerung<\/span><\/p>\n<p align=\"left\"><span style=\"font-family: Verdana, Arial, Helvetica, sans-serif;\">Sonstiges: FIS, Komfortblinkermodul, Coming Home Modul<\/span><\/p>\n","protected":false},"excerpt":{"rendered":"<p>Im Besitz von 12\/2008 &#8211; 01\/2011 &nbsp; &nbsp; Typ\/Basis: Audi TT Roadster S-Line Baujahr: 2003 [&hellip;]<\/p>\n","protected":false},"author":1,"featured_media":0,"parent":104,"menu_order":2,"comment_status":"closed","ping_status":"closed","template":"","meta":{"footnotes":""},"class_list":["post-139","page","type-page","status-publish","hentry"],"_links":{"self":[{"href":"http:\/\/cars.zinno.de\/index.php?rest_route=\/wp\/v2\/pages\/139","targetHints":{"allow":["GET"]}}],"collection":[{"href":"http:\/\/cars.zinno.de\/index.php?rest_route=\/wp\/v2\/pages"}],"about":[{"href":"http:\/\/cars.zinno.de\/index.php?rest_route=\/wp\/v2\/types\/page"}],"author":[{"embeddable":true,"href":"http:\/\/cars.zinno.de\/index.php?rest_route=\/wp\/v2\/users\/1"}],"replies":[{"embeddable":true,"href":"http:\/\/cars.zinno.de\/index.php?rest_route=%2Fwp%2Fv2%2Fcomments&post=139"}],"version-history":[{"count":5,"href":"http:\/\/cars.zinno.de\/index.php?rest_route=\/wp\/v2\/pages\/139\/revisions"}],"predecessor-version":[{"id":652,"href":"http:\/\/cars.zinno.de\/index.php?rest_route=\/wp\/v2\/pages\/139\/revisions\/652"}],"up":[{"embeddable":true,"href":"http:\/\/cars.zinno.de\/index.php?rest_route=\/wp\/v2\/pages\/104"}],"wp:attachment":[{"href":"http:\/\/cars.zinno.de\/index.php?rest_route=%2Fwp%2Fv2%2Fmedia&parent=139"}],"curies":[{"name":"wp","href":"https:\/\/api.w.org\/{rel}","templated":true}]}}

<h2>Im Besitz von 12/2008 &#8211; 01/2011</h2>
<hr />
<p>&nbsp;</p>
<div id='gallery-1' class='gallery galleryid-139 gallery-columns-3 gallery-size-thumbnail'><figure class='gallery-item'>
			<div class='gallery-icon landscape'>
				<a href='http://cars.zinno.de/wp-content/uploads/2014/10/Foto-02.09.10-13-42-13.png'><img loading="lazy" decoding="async" width="150" height="150" src="http://cars.zinno.de/wp-content/uploads/2014/10/Foto-02.09.10-13-42-13-150x150.png" class="attachment-thumbnail size-thumbnail" alt="" /></a>
			</div></figure><figure class='gallery-item'>
			<div class='gallery-icon landscape'>
				<a href='http://cars.zinno.de/wp-content/uploads/2014/10/Foto-15.07.10-20-05-06.jpg'><img loading="lazy" decoding="async" width="150" height="150" src="http://cars.zinno.de/wp-content/uploads/2014/10/Foto-15.07.10-20-05-06-150x150.jpg" class="attachment-thumbnail size-thumbnail" alt="" /></a>
			</div></figure><figure class='gallery-item'>
			<div class='gallery-icon landscape'>
				<a href='http://cars.zinno.de/wp-content/uploads/2014/10/Foto-15.07.10-20-04-06.jpg'><img loading="lazy" decoding="async" width="150" height="150" src="http://cars.zinno.de/wp-content/uploads/2014/10/Foto-15.07.10-20-04-06-150x150.jpg" class="attachment-thumbnail size-thumbnail" alt="" /></a>
			</div></figure><figure class='gallery-item'>
			<div class='gallery-icon landscape'>
				<a href='http://cars.zinno.de/wp-content/uploads/2014/10/6_2010_TT8NR_03.jpg'><img loading="lazy" decoding="async" width="150" height="150" src="http://cars.zinno.de/wp-content/uploads/2014/10/6_2010_TT8NR_03-150x150.jpg" class="attachment-thumbnail size-thumbnail" alt="" /></a>
			</div></figure><figure class='gallery-item'>
			<div class='gallery-icon landscape'>
				<a href='http://cars.zinno.de/wp-content/uploads/2014/10/Foto-15.07.10-20-07-04.jpg'><img loading="lazy" decoding="async" width="150" height="150" src="http://cars.zinno.de/wp-content/uploads/2014/10/Foto-15.07.10-20-07-04-150x150.jpg" class="attachment-thumbnail size-thumbnail" alt="" /></a>
			</div></figure><figure class='gallery-item'>
			<div class='gallery-icon landscape'>
				<a href='http://cars.zinno.de/wp-content/uploads/2014/10/6_2010_TT8NR_02.jpg'><img loading="lazy" decoding="async" width="150" height="150" src="http://cars.zinno.de/wp-content/uploads/2014/10/6_2010_TT8NR_02-150x150.jpg" class="attachment-thumbnail size-thumbnail" alt="" /></a>
			</div></figure><figure class='gallery-item'>
			<div class='gallery-icon landscape'>
				<a href='http://cars.zinno.de/wp-content/uploads/2014/10/Foto-15.07.10-20-06-38.jpg'><img loading="lazy" decoding="async" width="150" height="150" src="http://cars.zinno.de/wp-content/uploads/2014/10/Foto-15.07.10-20-06-38-150x150.jpg" class="attachment-thumbnail size-thumbnail" alt="" /></a>
			</div></figure><figure class='gallery-item'>
			<div class='gallery-icon landscape'>
				<a href='http://cars.zinno.de/wp-content/uploads/2014/10/28502_128237190531478_100000355941615_219081_1726346_n.jpg'><img loading="lazy" decoding="async" width="150" height="150" src="http://cars.zinno.de/wp-content/uploads/2014/10/28502_128237190531478_100000355941615_219081_1726346_n-150x150.jpg" class="attachment-thumbnail size-thumbnail" alt="" /></a>
			</div></figure><figure class='gallery-item'>
			<div class='gallery-icon landscape'>
				<a href='http://cars.zinno.de/wp-content/uploads/2014/10/Foto-02.03.10-18-06-20.jpg'><img loading="lazy" decoding="async" width="150" height="150" src="http://cars.zinno.de/wp-content/uploads/2014/10/Foto-02.03.10-18-06-20-150x150.jpg" class="attachment-thumbnail size-thumbnail" alt="" /></a>
			</div></figure><figure class='gallery-item'>
			<div class='gallery-icon landscape'>
				<a href='http://cars.zinno.de/wp-content/uploads/2014/10/Foto-03.04.10-00-19-28.jpg'><img loading="lazy" decoding="async" width="150" height="150" src="http://cars.zinno.de/wp-content/uploads/2014/10/Foto-03.04.10-00-19-28-150x150.jpg" class="attachment-thumbnail size-thumbnail" alt="" /></a>
			</div></figure><figure class='gallery-item'>
			<div class='gallery-icon landscape'>
				<a href='http://cars.zinno.de/wp-content/uploads/2014/10/Foto-03.04.10-00-19-28-2.jpg'><img loading="lazy" decoding="async" width="150" height="150" src="http://cars.zinno.de/wp-content/uploads/2014/10/Foto-03.04.10-00-19-28-2-150x150.jpg" class="attachment-thumbnail size-thumbnail" alt="" /></a>
			</div></figure><figure class='gallery-item'>
			<div class='gallery-icon landscape'>
				<a href='http://cars.zinno.de/wp-content/uploads/2014/10/Foto-03.04.10-00-19-28-1.jpg'><img loading="lazy" decoding="async" width="150" height="150" src="http://cars.zinno.de/wp-content/uploads/2014/10/Foto-03.04.10-00-19-28-1-150x150.jpg" class="attachment-thumbnail size-thumbnail" alt="" /></a>
			</div></figure><figure class='gallery-item'>
			<div class='gallery-icon landscape'>
				<a href='http://cars.zinno.de/wp-content/uploads/2014/10/6_2010_TT8NR_01.jpg'><img loading="lazy" decoding="async" width="150" height="150" src="http://cars.zinno.de/wp-content/uploads/2014/10/6_2010_TT8NR_01-150x150.jpg" class="attachment-thumbnail size-thumbnail" alt="" /></a>
			</div></figure><figure class='gallery-item'>
			<div class='gallery-icon landscape'>
				<a href='http://cars.zinno.de/wp-content/uploads/2014/10/6_2009_TT8NR_03.jpg'><img loading="lazy" decoding="async" width="150" height="150" src="http://cars.zinno.de/wp-content/uploads/2014/10/6_2009_TT8NR_03-150x150.jpg" class="attachment-thumbnail size-thumbnail" alt="" /></a>
			</div></figure><figure class='gallery-item'>
			<div class='gallery-icon landscape'>
				<a href='http://cars.zinno.de/wp-content/uploads/2014/10/6_2009_TT8NR_02.jpg'><img loading="lazy" decoding="async" width="150" height="150" src="http://cars.zinno.de/wp-content/uploads/2014/10/6_2009_TT8NR_02-150x150.jpg" class="attachment-thumbnail size-thumbnail" alt="" /></a>
			</div></figure><figure class='gallery-item'>
			<div class='gallery-icon landscape'>
				<a href='http://cars.zinno.de/wp-content/uploads/2014/10/6_2009_TT8NR_01.jpg'><img loading="lazy" decoding="async" width="150" height="150" src="http://cars.zinno.de/wp-content/uploads/2014/10/6_2009_TT8NR_01-150x150.jpg" class="attachment-thumbnail size-thumbnail" alt="" /></a>
			</div></figure><figure class='gallery-item'>
			<div class='gallery-icon landscape'>
				<a href='http://cars.zinno.de/wp-content/uploads/2014/10/6_2008_TT8NR.jpg'><img loading="lazy" decoding="async" width="150" height="150" src="http://cars.zinno.de/wp-content/uploads/2014/10/6_2008_TT8NR-150x150.jpg" class="attachment-thumbnail size-thumbnail" alt="" /></a>
			</div></figure>
		</div>

<p>&nbsp;</p>
<hr />
<p align="left"><span style="font-family: Verdana, Arial, Helvetica, sans-serif;">Typ/Basis: Audi TT Roadster S-Line </span></p>
<p align="left"><span style="font-family: Verdana, Arial, Helvetica, sans-serif;">Baujahr: 2003</span></p>
<p align="left"><span style="font-family: Verdana, Arial, Helvetica, sans-serif;">Motor: 1,8<span style="color: #ff0000;">T</span> 225 PS Quattro</span></p>
<p align="left"><span style="font-family: Verdana, Arial, Helvetica, sans-serif;">Auspuff: Serie</span></p>
<p align="left"><span style="font-family: Verdana, Arial, Helvetica, sans-serif;">Fahrwerk: tiefes H&amp;R Gewindefahrwerk von AH Exclusive Parts</span></p>
<p align="left"><span style="font-family: Verdana, Arial, Helvetica, sans-serif;">Bremsanlage: Serie</span></p>
<p align="left"><span style="font-family: Verdana, Arial, Helvetica, sans-serif;">Karosserie: Umbau auf S-Line Modelljahr 2005 (S-Line Front, S-Line Heckspoiler), S-Line Lochlederlenkrad, schwarze Audi Ringe vorne und hinten, original US S-Line Xenonscheinwerfer, englische Rückleuchte rechts, US Heckstoßstange, </span></p>
<p align="left"><span style="font-family: Verdana, Arial, Helvetica, sans-serif;">Interieur: Anisgelbe Lederausstattung, Armlehne von Designparts, Sitzheizung,  Climatronic, Tempomat, gekürzte Überrollbügel</span></p>
<p align="left"><span style="font-family: Verdana, Arial, Helvetica, sans-serif;">HiFi: Bose mit 6-fach Wechsler und Ipod Steuerung</span></p>
<p align="left"><span style="font-family: Verdana, Arial, Helvetica, sans-serif;">Sonstiges: FIS, Komfortblinkermodul, Coming Home Modul</span></p>
